{"id":2924,"date":"2024-05-09T13:25:18","date_gmt":"2024-05-09T11:25:18","guid":{"rendered":"https:\/\/petranka.eu\/?post_type=product&#038;p=2924"},"modified":"2025-08-27T13:38:41","modified_gmt":"2025-08-27T11:38:41","slug":"luxusna-nevesta-personalizovany-darcekovy-zensky-box","status":"publish","type":"product","link":"https:\/\/petranka.eu\/index.php\/product\/luxusna-nevesta-personalizovany-darcekovy-zensky-box\/","title":{"rendered":"Luxusn\u00e1 nevesta- personalizovan\u00fd dar\u010dekov\u00fd \u017eensk\u00fd box"},"content":{"rendered":"","protected":false},"excerpt":{"rendered":"<p>Dar\u010dekov\u00fd box sa sklad\u00e1 z bielej luxusnej krabi\u010dky a obsahuje sat\u00e9nov\u00fd \u017eupan a poh\u00e1r na \u0161ampansk\u00e9. Vyber si z troch farieb \u017eupanov &#8211; bielej, \u010diernej alebo ru\u017eovej. Farbu n\u00e1pisu vyrob\u00edm v bielej, \u010diernej, striebornej, zlatej alebo medenej farbe. Text nemus\u00ed by\u0165 iba nevesta, ale napr\u00edklad aj dru\u017ei\u010dka, \u010di d\u00e1tum svadby. Text vyhotov\u00edm taktie\u017e aj na vonkaj\u0161iu \u010das\u0165 krabi\u010dky.<\/p>\n<p>Krabi\u010dku m\u00f4\u017ee\u0161 opakovane pou\u017ei\u0165, ke\u010f\u017ee je z pevn\u00e9ho materi\u00e1lu. Zatv\u00e1ra sa pomocou magnetu a stuhy.<\/p>\n<p>krabi\u010dka 23x17x7 cm<\/p>\n<p>\u017eupan ve\u013ekos\u0165 univerz\u00e1lna<br \/>\nd\u013a\u017eka cca 94 cm<br \/>\n\u0161\u00edrka hrudn\u00edka cca 61 cm<\/p>\n<p>poh\u00e1r na \u0161ampansk\u00e9 objem 21 cl, v\u00fd\u0161ka 22 cm<\/p>\n<p><strong>Ak si praje\u0161 text do vn\u00fatornej strany krabi\u010dky, vlo\u017e do ko\u0161\u00edka polo\u017eku &#8222;Text do vn\u00fatra krabi\u010dky&#8220; (+3\u20ac)\u00a0<\/strong><\/p>\n<p>V ponuke je aj ru\u017eov\u00fd a \u010dierny dar\u010dekov\u00fd box, v pr\u00edpade z\u00e1ujmu mi nap\u00ed\u0161 pros\u00edm farbu do pozn\u00e1mky.<\/p>\n<p>&nbsp;<\/p>\n<p><strong>Farba n\u00e1pisu:<\/strong><\/p>\n<p>&nbsp;<\/p>\n","protected":false},"featured_media":2932,"comment_status":"open","ping_status":"closed","template":"","meta":{"_monsterinsights_skip_tracking":false,"_monsterinsights_sitenote_active":false,"_monsterinsights_sitenote_note":"","_monsterinsights_sitenote_category":0,"site-sidebar-layout":"default","site-content-layout":"default","ast-site-content-layout":"default","site-content-style":"default","site-sidebar-style":"default","ast-global-header-display":"","ast-banner-title-visibility":"","ast-main-header-display":"","ast-hfb-above-header-display":"","ast-hfb-below-header-display":"","ast-hfb-mobile-header-display":"","site-post-title":"","ast-breadcrumbs-content":"","ast-featured-img":"","footer-sml-layout":"","ast-disable-related-posts":"","theme-transparent-header-meta":"default","adv-header-id-meta":"","stick-header-meta":"","header-above-stick-meta":"","header-main-stick-meta":"","header-below-stick-meta":"","astra-migrate-meta-layouts":"set","ast-page-background-enabled":"default","ast-page-background-meta":{"desktop":{"background-color":"","background-image":"","background-repeat":"repeat","background-position":"center center","background-size":"auto","background-attachment":"scroll","background-type":"","background-media":"","overlay-type":"","overlay-color":"","overlay-opacity":"","overlay-gradient":""},"tablet":{"background-color":"","background-image":"","background-repeat":"repeat","background-position":"center center","background-size":"auto","background-attachment":"scroll","background-type":"","background-media":"","overlay-type":"","overlay-color":"","overlay-opacity":"","overlay-gradient":""},"mobile":{"background-color":"","background-image":"","background-repeat":"repeat","background-position":"center center","background-size":"auto","background-attachment":"scroll","background-type":"","background-media":"","overlay-type":"","overlay-color":"","overlay-opacity":"","overlay-gradient":""}},"ast-content-background-meta":{"desktop":{"background-color":"var(--ast-global-color-5)","background-image":"","background-repeat":"repeat","background-position":"center center","background-size":"auto","background-attachment":"scroll","background-type":"","background-media":"","overlay-type":"","overlay-color":"","overlay-opacity":"","overlay-gradient":""},"tablet":{"background-color":"var(--ast-global-color-5)","background-image":"","background-repeat":"repeat","background-position":"center center","background-size":"auto","background-attachment":"scroll","background-type":"","background-media":"","overlay-type":"","overlay-color":"","overlay-opacity":"","overlay-gradient":""},"mobile":{"background-color":"var(--ast-global-color-5)","background-image":"","background-repeat":"repeat","background-position":"center center","background-size":"auto","background-attachment":"scroll","background-type":"","background-media":"","overlay-type":"","overlay-color":"","overlay-opacity":"","overlay-gradient":""}}},"product_cat":[54,41],"product_tag":[],"aioseo_notices":[],"_links":{"self":[{"href":"https:\/\/petranka.eu\/index.php\/wp-json\/wp\/v2\/product\/2924"}],"collection":[{"href":"https:\/\/petranka.eu\/index.php\/wp-json\/wp\/v2\/product"}],"about":[{"href":"https:\/\/petranka.eu\/index.php\/wp-json\/wp\/v2\/types\/product"}],"replies":[{"embeddable":true,"href":"https:\/\/petranka.eu\/index.php\/wp-json\/wp\/v2\/comments?post=2924"}],"wp:featuredmedia":[{"embeddable":true,"href":"https:\/\/petranka.eu\/index.php\/wp-json\/wp\/v2\/media\/2932"}],"wp:attachment":[{"href":"https:\/\/petranka.eu\/index.php\/wp-json\/wp\/v2\/media?parent=2924"}],"wp:term":[{"taxonomy":"product_cat","embeddable":true,"href":"https:\/\/petranka.eu\/index.php\/wp-json\/wp\/v2\/product_cat?post=2924"},{"taxonomy":"product_tag","embeddable":true,"href":"https:\/\/petranka.eu\/index.php\/wp-json\/wp\/v2\/product_tag?post=2924"}],"curies":[{"name":"wp","href":"https:\/\/api.w.org\/{rel}","templated":true}]}}