{"id":2787,"date":"2024-01-19T10:20:37","date_gmt":"2024-01-19T09:20:37","guid":{"rendered":"https:\/\/petranka.eu\/?post_type=product&#038;p=2787"},"modified":"2025-08-26T11:29:40","modified_gmt":"2025-08-26T09:29:40","slug":"velka-cestovna-sperkovnica-biela","status":"publish","type":"product","link":"https:\/\/petranka.eu\/index.php\/product\/velka-cestovna-sperkovnica-biela\/","title":{"rendered":"Ve\u013ek\u00e1 cestovn\u00e1 \u0161perkovnica &#8211; biela"},"content":{"rendered":"","protected":false},"excerpt":{"rendered":"<p>Personalizovan\u00e1 \u0161perkovnica je roztomil\u00fdm dar\u010dekom pre va\u0161e kamar\u00e1tky, dru\u017ei\u010dky alebo kohoko\u013evek, kto m\u00e1 r\u00e1d svoje \u0161perky zorganizovan\u00e9. V \u0161perkovnici je miesto pre 5 n\u00e1hrdeln\u00edkov alebo n\u00e1ramkov, 12 prste\u0148ov, 10 napichovac\u00edch n\u00e1u\u0161n\u00edc, rozde\u013eova\u010d s 3 prep\u00e1\u017ekami je mo\u017en\u00e9 odstr\u00e1ni\u0165, aby ste z\u00edskali viac priestoru. N\u00e1pis je mo\u017en\u00e9 vyrobi\u0165 v bielej, \u010diernej, zlatej, striebornej, medenej a \u010dervenej farbe. Je ide\u00e1lna na cestovanie.<\/p>\n<p><strong>Ve\u013ekos\u0165: <\/strong>16x11x5 cm<br \/>\n<strong>Materi\u00e1l:<\/strong>\u00a0ko\u017eenka<\/p>\n<p><strong>Farba n\u00e1pisu:<\/strong><\/p>\n","protected":false},"featured_media":2795,"comment_status":"open","ping_status":"closed","template":"","meta":{"_monsterinsights_skip_tracking":false,"_monsterinsights_sitenote_active":false,"_monsterinsights_sitenote_note":"","_monsterinsights_sitenote_category":0,"site-sidebar-layout":"default","site-content-layout":"default","ast-site-content-layout":"default","site-content-style":"default","site-sidebar-style":"default","ast-global-header-display":"","ast-banner-title-visibility":"","ast-main-header-display":"","ast-hfb-above-header-display":"","ast-hfb-below-header-display":"","ast-hfb-mobile-header-display":"","site-post-title":"","ast-breadcrumbs-content":"","ast-featured-img":"","footer-sml-layout":"","ast-disable-related-posts":"","theme-transparent-header-meta":"default","adv-header-id-meta":"","stick-header-meta":"","header-above-stick-meta":"","header-main-stick-meta":"","header-below-stick-meta":"","astra-migrate-meta-layouts":"set","ast-page-background-enabled":"default","ast-page-background-meta":{"desktop":{"background-color":"","background-image":"","background-repeat":"repeat","background-position":"center center","background-size":"auto","background-attachment":"scroll","background-type":"","background-media":"","overlay-type":"","overlay-color":"","overlay-opacity":"","overlay-gradient":""},"tablet":{"background-color":"","background-image":"","background-repeat":"repeat","background-position":"center center","background-size":"auto","background-attachment":"scroll","background-type":"","background-media":"","overlay-type":"","overlay-color":"","overlay-opacity":"","overlay-gradient":""},"mobile":{"background-color":"","background-image":"","background-repeat":"repeat","background-position":"center center","background-size":"auto","background-attachment":"scroll","background-type":"","background-media":"","overlay-type":"","overlay-color":"","overlay-opacity":"","overlay-gradient":""}},"ast-content-background-meta":{"desktop":{"background-color":"var(--ast-global-color-5)","background-image":"","background-repeat":"repeat","background-position":"center center","background-size":"auto","background-attachment":"scroll","background-type":"","background-media":"","overlay-type":"","overlay-color":"","overlay-opacity":"","overlay-gradient":""},"tablet":{"background-color":"var(--ast-global-color-5)","background-image":"","background-repeat":"repeat","background-position":"center center","background-size":"auto","background-attachment":"scroll","background-type":"","background-media":"","overlay-type":"","overlay-color":"","overlay-opacity":"","overlay-gradient":""},"mobile":{"background-color":"var(--ast-global-color-5)","background-image":"","background-repeat":"repeat","background-position":"center center","background-size":"auto","background-attachment":"scroll","background-type":"","background-media":"","overlay-type":"","overlay-color":"","overlay-opacity":"","overlay-gradient":""}}},"product_cat":[41,15],"product_tag":[],"aioseo_notices":[],"_links":{"self":[{"href":"https:\/\/petranka.eu\/index.php\/wp-json\/wp\/v2\/product\/2787"}],"collection":[{"href":"https:\/\/petranka.eu\/index.php\/wp-json\/wp\/v2\/product"}],"about":[{"href":"https:\/\/petranka.eu\/index.php\/wp-json\/wp\/v2\/types\/product"}],"replies":[{"embeddable":true,"href":"https:\/\/petranka.eu\/index.php\/wp-json\/wp\/v2\/comments?post=2787"}],"wp:featuredmedia":[{"embeddable":true,"href":"https:\/\/petranka.eu\/index.php\/wp-json\/wp\/v2\/media\/2795"}],"wp:attachment":[{"href":"https:\/\/petranka.eu\/index.php\/wp-json\/wp\/v2\/media?parent=2787"}],"wp:term":[{"taxonomy":"product_cat","embeddable":true,"href":"https:\/\/petranka.eu\/index.php\/wp-json\/wp\/v2\/product_cat?post=2787"},{"taxonomy":"product_tag","embeddable":true,"href":"https:\/\/petranka.eu\/index.php\/wp-json\/wp\/v2\/product_tag?post=2787"}],"curies":[{"name":"wp","href":"https:\/\/api.w.org\/{rel}","templated":true}]}}