{"id":2625,"date":"2023-11-28T13:14:55","date_gmt":"2023-11-28T12:14:55","guid":{"rendered":"https:\/\/petranka.eu\/?post_type=product&#038;p=2625"},"modified":"2025-08-27T10:25:03","modified_gmt":"2025-08-27T08:25:03","slug":"pohar-na-sampanske","status":"publish","type":"product","link":"https:\/\/petranka.eu\/index.php\/product\/pohar-na-sampanske\/","title":{"rendered":"Poh\u00e1r na \u0161ampansk\u00e9"},"content":{"rendered":"","protected":false},"excerpt":{"rendered":"<p>Poh\u00e1r na \u0161ampansk\u00e9 s vlastn\u00fdm textom je vhodn\u00fd na r\u00f4zne pr\u00edle\u017eitosti ako svadby, rozl\u00fa\u010dky so slobodou \u010di narodeniny. Vinylov\u00fd text je mo\u017en\u00e9 vyhotovi\u0165 v bielej, \u010diernej, zlatej, striebornej alebo medenej farbe. Poh\u00e1r je z \u010d\u00edreho skla. Poh\u00e1re odpor\u00fa\u010dam um\u00fdva\u0165 iba ru\u010dne s mal\u00fdm mno\u017estvom sapon\u00e1tu alebo iba s \u010distou vodou, nepou\u017e\u00edva\u0165 um\u00fdva\u010dku riadu ani mikrovlnn\u00fa r\u00faru. Do pol\u00ed\u010dka pros\u00edm uve\u010fte text, ktor\u00fd chcete ma\u0165 na poh\u00e1ri vyhotoven\u00fd \u010di u\u017e meno, d\u00e1tumy &#8211; \u010doko\u013evek pod\u013ea v\u00e1\u0161ho uv\u00e1\u017eenia.<\/p>\n<p class=\"article\"><strong>Objem:<\/strong> 21 cl<br \/>\n<strong>V\u00fd\u0161ka:<\/strong> 22 cm<\/p>\n<p>&nbsp;<\/p>\n<p><strong>Farba n\u00e1pisu:<\/strong><\/p>\n","protected":false},"featured_media":2634,"comment_status":"open","ping_status":"closed","template":"","meta":{"_monsterinsights_skip_tracking":false,"_monsterinsights_sitenote_active":false,"_monsterinsights_sitenote_note":"","_monsterinsights_sitenote_category":0,"site-sidebar-layout":"default","site-content-layout":"default","ast-site-content-layout":"default","site-content-style":"default","site-sidebar-style":"default","ast-global-header-display":"","ast-banner-title-visibility":"","ast-main-header-display":"","ast-hfb-above-header-display":"","ast-hfb-below-header-display":"","ast-hfb-mobile-header-display":"","site-post-title":"","ast-breadcrumbs-content":"","ast-featured-img":"","footer-sml-layout":"","ast-disable-related-posts":"","theme-transparent-header-meta":"default","adv-header-id-meta":"","stick-header-meta":"","header-above-stick-meta":"","header-main-stick-meta":"","header-below-stick-meta":"","astra-migrate-meta-layouts":"set","ast-page-background-enabled":"default","ast-page-background-meta":{"desktop":{"background-color":"","background-image":"","background-repeat":"repeat","background-position":"center center","background-size":"auto","background-attachment":"scroll","background-type":"","background-media":"","overlay-type":"","overlay-color":"","overlay-opacity":"","overlay-gradient":""},"tablet":{"background-color":"","background-image":"","background-repeat":"repeat","background-position":"center center","background-size":"auto","background-attachment":"scroll","background-type":"","background-media":"","overlay-type":"","overlay-color":"","overlay-opacity":"","overlay-gradient":""},"mobile":{"background-color":"","background-image":"","background-repeat":"repeat","background-position":"center center","background-size":"auto","background-attachment":"scroll","background-type":"","background-media":"","overlay-type":"","overlay-color":"","overlay-opacity":"","overlay-gradient":""}},"ast-content-background-meta":{"desktop":{"background-color":"var(--ast-global-color-5)","background-image":"","background-repeat":"repeat","background-position":"center center","background-size":"auto","background-attachment":"scroll","background-type":"","background-media":"","overlay-type":"","overlay-color":"","overlay-opacity":"","overlay-gradient":""},"tablet":{"background-color":"var(--ast-global-color-5)","background-image":"","background-repeat":"repeat","background-position":"center center","background-size":"auto","background-attachment":"scroll","background-type":"","background-media":"","overlay-type":"","overlay-color":"","overlay-opacity":"","overlay-gradient":""},"mobile":{"background-color":"var(--ast-global-color-5)","background-image":"","background-repeat":"repeat","background-position":"center center","background-size":"auto","background-attachment":"scroll","background-type":"","background-media":"","overlay-type":"","overlay-color":"","overlay-opacity":"","overlay-gradient":""}}},"product_cat":[41,15],"product_tag":[],"aioseo_notices":[],"_links":{"self":[{"href":"https:\/\/petranka.eu\/index.php\/wp-json\/wp\/v2\/product\/2625"}],"collection":[{"href":"https:\/\/petranka.eu\/index.php\/wp-json\/wp\/v2\/product"}],"about":[{"href":"https:\/\/petranka.eu\/index.php\/wp-json\/wp\/v2\/types\/product"}],"replies":[{"embeddable":true,"href":"https:\/\/petranka.eu\/index.php\/wp-json\/wp\/v2\/comments?post=2625"}],"wp:featuredmedia":[{"embeddable":true,"href":"https:\/\/petranka.eu\/index.php\/wp-json\/wp\/v2\/media\/2634"}],"wp:attachment":[{"href":"https:\/\/petranka.eu\/index.php\/wp-json\/wp\/v2\/media?parent=2625"}],"wp:term":[{"taxonomy":"product_cat","embeddable":true,"href":"https:\/\/petranka.eu\/index.php\/wp-json\/wp\/v2\/product_cat?post=2625"},{"taxonomy":"product_tag","embeddable":true,"href":"https:\/\/petranka.eu\/index.php\/wp-json\/wp\/v2\/product_tag?post=2625"}],"curies":[{"name":"wp","href":"https:\/\/api.w.org\/{rel}","templated":true}]}}