{"id":2531,"date":"2023-11-08T11:40:16","date_gmt":"2023-11-08T10:40:16","guid":{"rendered":"https:\/\/petranka.eu\/?page_id=2531"},"modified":"2023-12-03T18:15:08","modified_gmt":"2023-12-03T17:15:08","slug":"doprava-a-platba","status":"publish","type":"page","link":"https:\/\/petranka.eu\/index.php\/doprava-a-platba\/","title":{"rendered":"Doprava a platba"},"content":{"rendered":"\t\t<div data-elementor-type=\"wp-page\" data-elementor-id=\"2531\" class=\"elementor elementor-2531\">\n\t\t\t\t\t\t<section class=\"elementor-section elementor-top-section elementor-element elementor-element-7061629 elementor-section-boxed elementor-section-height-default elementor-section-height-default\" data-id=\"7061629\" data-element_type=\"section\">\n\t\t\t\t\t\t<div class=\"elementor-container elementor-column-gap-default\">\n\t\t\t\t\t<div class=\"elementor-column elementor-col-100 elementor-top-column elementor-element elementor-element-574e22c\" data-id=\"574e22c\" data-element_type=\"column\">\n\t\t\t<div class=\"elementor-widget-wrap elementor-element-populated\">\n\t\t\t\t\t\t<div class=\"elementor-element elementor-element-f8d416e elementor-widget elementor-widget-heading\" data-id=\"f8d416e\" data-element_type=\"widget\" data-widget_type=\"heading.default\">\n\t\t\t\t<div class=\"elementor-widget-container\">\n\t\t\t\t\t<h2 class=\"elementor-heading-title elementor-size-default\">Doprava a platba<\/h2>\t\t\t\t<\/div>\n\t\t\t\t<\/div>\n\t\t\t\t<div class=\"elementor-element elementor-element-adf8553 elementor-widget elementor-widget-text-editor\" data-id=\"adf8553\" data-element_type=\"widget\" data-widget_type=\"text-editor.default\">\n\t\t\t\t<div class=\"elementor-widget-container\">\n\t\t\t\t\t\t\t\t\t<p><span style=\"font-weight: var( --e-global-typography-text-font-weight );\">Bal\u00edky s\u00fa odosielan\u00e9 prostredn\u00edctvom Slovenskej po\u0161ty alebo cez Z\u00e1sielkov\u0148u. <\/span><\/p>\n<p><strong>Po\u0161tovn\u00e9 v&nbsp;r\u00e1mci SR<\/strong><\/p>\n<p><span style=\"text-decoration: underline;\">Bal\u00edky odoslan\u00e9 Slovenskou po\u0161tou:<\/span><\/p>\n<p>Pri platbe bankov\u00fdm prevodom je po\u0161tovn\u00e9 2,7.<\/p>\n<p><span style=\"text-decoration: underline;\">Bal\u00edky odoslan\u00e9 cez Z\u00e1sielkov\u0148u:<\/span><\/p>\n<p>Pri platbe bankov\u00fdm prevodom je po\u0161tovn\u00e9 3,9.<\/p>\n<p><strong>Po\u0161tovn\u00e9 do \u010cR:<\/strong><\/p>\n<p><span style=\"text-decoration: underline;\">Bal\u00edky odoslan\u00e9 Slovenskou po\u0161tou:<\/span><\/p>\n<p>Pri platbe bankov\u00fdm prevodom je po\u0161tovn\u00e9 6,4.<\/p>\n<p><span style=\"text-decoration: underline;\">Bal\u00edky odoslan\u00e9 cez Z\u00e1sielkov\u0148u:<\/span><\/p>\n<p>Pri platbe bankov\u00fdm prevodom je po\u0161tovn\u00e9 4,9 eur.<\/p>\n<p>Doprava je&nbsp;<strong>zdarma<\/strong>&nbsp;pri objedn\u00e1vke&nbsp;<strong>nad 50<\/strong>&nbsp;EUR v&nbsp;r\u00e1mci <strong>SR<\/strong>. Bal\u00ed\u010dek je odoslan\u00fd zvy\u010dajne do <strong>3<\/strong> pracovn\u00fdch dn\u00ed od prip\u00edsania finan\u010dn\u00fdch prostriedkov na \u00fa\u010det.<\/p>\n<p>Na dobierku bal\u00edky neodosielam z d\u00f4vodu personaliz\u00e1cie produktov.<\/p><p><br><\/p><p><br><\/p>\t\t\t\t\t\t\t\t<\/div>\n\t\t\t\t<\/div>\n\t\t\t\t\t<\/div>\n\t\t<\/div>\n\t\t\t\t\t<\/div>\n\t\t<\/section>\n\t\t\t\t<\/div>\n\t\t","protected":false},"excerpt":{"rendered":"<p>Doprava a platba Bal\u00edky s\u00fa odosielan\u00e9 prostredn\u00edctvom Slovenskej po\u0161ty alebo cez Z\u00e1sielkov\u0148u. Po\u0161tovn\u00e9 v&nbsp;r\u00e1mci SR Bal\u00edky odoslan\u00e9 Slovenskou po\u0161tou: Pri platbe bankov\u00fdm prevodom je po\u0161tovn\u00e9 2,7. Bal\u00edky odoslan\u00e9 cez Z\u00e1sielkov\u0148u: Pri platbe bankov\u00fdm prevodom je po\u0161tovn\u00e9 3,9. Po\u0161tovn\u00e9 do \u010cR: Bal\u00edky odoslan\u00e9 Slovenskou po\u0161tou: Pri platbe bankov\u00fdm prevodom je po\u0161tovn\u00e9 6,4. Bal\u00edky odoslan\u00e9 cez Z\u00e1sielkov\u0148u: [&hellip;]<\/p>\n","protected":false},"author":1,"featured_media":0,"parent":0,"menu_order":0,"comment_status":"closed","ping_status":"closed","template":"","meta":{"_monsterinsights_skip_tracking":false,"_monsterinsights_sitenote_active":false,"_monsterinsights_sitenote_note":"","_monsterinsights_sitenote_category":0,"site-sidebar-layout":"no-sidebar","site-content-layout":"page-builder","ast-site-content-layout":"full-width-container","site-content-style":"default","site-sidebar-style":"default","ast-global-header-display":"","ast-banner-title-visibility":"","ast-main-header-display":"","ast-hfb-above-header-display":"","ast-hfb-below-header-display":"","ast-hfb-mobile-header-display":"","site-post-title":"disabled","ast-breadcrumbs-content":"","ast-featured-img":"disabled","footer-sml-layout":"","ast-disable-related-posts":"","theme-transparent-header-meta":"","adv-header-id-meta":"","stick-header-meta":"","header-above-stick-meta":"","header-main-stick-meta":"","header-below-stick-meta":"","astra-migrate-meta-layouts":"default","ast-page-background-enabled":"default","ast-page-background-meta":{"desktop":{"background-color":"","background-image":"","background-repeat":"repeat","background-position":"center center","background-size":"auto","background-attachment":"scroll","background-type":"","background-media":"","overlay-type":"","overlay-color":"","overlay-opacity":"","overlay-gradient":""},"tablet":{"background-color":"","background-image":"","background-repeat":"repeat","background-position":"center center","background-size":"auto","background-attachment":"scroll","background-type":"","background-media":"","overlay-type":"","overlay-color":"","overlay-opacity":"","overlay-gradient":""},"mobile":{"background-color":"","background-image":"","background-repeat":"repeat","background-position":"center center","background-size":"auto","background-attachment":"scroll","background-type":"","background-media":"","overlay-type":"","overlay-color":"","overlay-opacity":"","overlay-gradient":""}},"ast-content-background-meta":{"desktop":{"background-color":"var(--ast-global-color-5)","background-image":"","background-repeat":"repeat","background-position":"center center","background-size":"auto","background-attachment":"scroll","background-type":"","background-media":"","overlay-type":"","overlay-color":"","overlay-opacity":"","overlay-gradient":""},"tablet":{"background-color":"var(--ast-global-color-5)","background-image":"","background-repeat":"repeat","background-position":"center center","background-size":"auto","background-attachment":"scroll","background-type":"","background-media":"","overlay-type":"","overlay-color":"","overlay-opacity":"","overlay-gradient":""},"mobile":{"background-color":"var(--ast-global-color-5)","background-image":"","background-repeat":"repeat","background-position":"center center","background-size":"auto","background-attachment":"scroll","background-type":"","background-media":"","overlay-type":"","overlay-color":"","overlay-opacity":"","overlay-gradient":""}},"footnotes":""},"aioseo_notices":[],"_links":{"self":[{"href":"https:\/\/petranka.eu\/index.php\/wp-json\/wp\/v2\/pages\/2531"}],"collection":[{"href":"https:\/\/petranka.eu\/index.php\/wp-json\/wp\/v2\/pages"}],"about":[{"href":"https:\/\/petranka.eu\/index.php\/wp-json\/wp\/v2\/types\/page"}],"author":[{"embeddable":true,"href":"https:\/\/petranka.eu\/index.php\/wp-json\/wp\/v2\/users\/1"}],"replies":[{"embeddable":true,"href":"https:\/\/petranka.eu\/index.php\/wp-json\/wp\/v2\/comments?post=2531"}],"version-history":[{"count":22,"href":"https:\/\/petranka.eu\/index.php\/wp-json\/wp\/v2\/pages\/2531\/revisions"}],"predecessor-version":[{"id":2749,"href":"https:\/\/petranka.eu\/index.php\/wp-json\/wp\/v2\/pages\/2531\/revisions\/2749"}],"wp:attachment":[{"href":"https:\/\/petranka.eu\/index.php\/wp-json\/wp\/v2\/media?parent=2531"}],"curies":[{"name":"wp","href":"https:\/\/api.w.org\/{rel}","templated":true}]}}